mposite?
False
Suppose 0 = -4*q - 2*k + 61564, 15408 + 61529 = 5*q - 2*k. Is q prime?
False
Let y(t) = 422*t**3 - t**2 - 12*t + 1. Let g be y(3). Let n = 19539 - g. Is n a prime number?
False
Suppose 0 = 2*o - 5*z + 4174, 0 = o + 3*z + 489 + 1587. Let r = -1410 + 1395. Is (o/r)/((-24)/(-60)) a prime number?
True
Let q(j) = -55*j**3 - 32*j**2 + 6*j + 14. Let f(s) = s**2 - 27*s + 43. Let x be f(25). Is q(x) composite?
True
Let d = -12 + -3. Let a be 4/20*-9*d. Suppose 354 - a = 3*c. Is c composite?
False
Let r(q) = -7*q - 2*q**2 - 2*q + 8*q + 4. Let j be r(-2). Is ((-2710)/4)/((3 - 2)/j) composite?
True
Suppose 2*f + 113252 = 2*k, 26*f + 226510 = 4*k + 24*f. Is k composite?
False
Suppose 2420 = -k - 20*b + 59729, 3*k - 171990 = 3*b. Is k a prime number?
True
Suppose -6*l - 9*l = -2325. Let f = 2893 - l. Suppose f = 6*c - 6436. Is c a prime number?
False
Suppose -182*k = -11864403 - 29621951. Is k a prime number?
True
Suppose 977740 - 3634860 = -14*s + 2708898. Is s a composite number?
True
Let y = 18316 + 26145. Is y prime?
False
Let u(h) = 605*h**2 - 20*h + 79. Is u(-12) composite?
True
Let v(s) = 1291*s**2 + 9*s + 1. Is v(-9) a composite number?
False
Suppose 118*b - 122*b = 2*x - 9489478, 0 = 6*b + x - 14234215. Is b a prime number?
True
Let o = 1 - -6. Let n = -10 + o. Let t(f) = 72*f**2 - 1. Is t(n) prime?
True
Let t = 217 - 202. Suppose -3*q + 5*c + 7863 = 501, -t = -5*c. Is q composite?
False
Suppose 0 = 5*h - 2*w - 35, 5*h + 24 - 69 = 4*w. Suppose 4*v - 10649 = -5*a, -h*v - 8 = -13. Is a a composite number?
False
Is (-5 - 16178)*(7/(-14))/((-2)/(-4)) composite?
False
Suppose -2*l + 172 = -4*l. Let y = 94 + l. Let w(g) = 12*g**2 - 9*g + 21. Is w(y) prime?
False
Let j be (-39)/(-26) - (-21051)/2. Let f = j - 7087. Suppose -6*v = -6778 - f. Is v a prime number?
False
Let u(d) = -d**2 + 3*d + 2. Let z be u(-2). Let l = 12 + z. Suppose 5*y + l*x - 3611 = 804, -2*y - 5*x + 1749 = 0. Is y prime?
True
Suppose -1025*a - 411540391 = -1336*a. Is a a composite number?
False
Let c(q) = 2*q**3 - 10*q**2 + 15*q - 5. Let m(f) = -f**3 + f**2. Let s(j) = -c(j) - m(j). Let p be s(7). Is (p + 1)*(-160 - 3) a composite number?
False
Let y = 1156901 + -595198. Is y a composite number?
False
Let z(o) = 2*o**2 + 43*o - 655. Is z(-116) a composite number?
False
Suppose -11*x + 47*x - 2068812 = 0. Is x prime?
True
Let y be 27/45 - 831/(-15). Suppose y*j - 39*j - 329426 = 0. Is j a prime number?
False
Let i(p) = -279*p + 5. Let d be i(7). Let c be d/18 - (-2)/9. Let s = 195 + c. Is s composite?
True
Suppose 944*l - 961500 = 953*l - 4410705. Is l composite?
True
Suppose -5*d + 23300 = 4*t - 2596, 19399 = 3*t - 2*d. Is t prime?
True
Suppose 17 = 23*v - 40*v. Let h(p) = -6032*p + 17. Is h(v) a prime number?
False
Suppose -2*n + 1695 = -3*v - 282, 0 = 2*v + 2. Suppose -a + 0*a + n = 0. Let r = 1660 - a. Is r prime?
True
Let h = -2085 + 3261. Suppose -5*g + h = -2604. Suppose 0 = -2*l + 646 + g. Is l a prime number?
True
Let l(g) = -4*g**2 - 17*g + 4. Let w be l(-3). Suppose 20*f - w*f = 2*q + 9609, 0 = f + q - 9612. Is f prime?
False
Let a(x) = -469*x + 154. Let l(p) = -1408*p + 461. Let j(u) = -7*a(u) + 2*l(u). Is j(5) prime?
True
Let l(a) = 2*a - 49. Let n be l(26). Suppose 0 = n*w + 3*q - 1887, 92 = 2*w - 3*q - 1166. Is w a prime number?
False
Suppose 2*b + 2*v - 6274 = 0, 3778 = b + 2*v + 641. Suppose 10*w = 20907 - b. Is w a composite number?
False
Suppose -5*r = -22 + 7. Suppose -c + 1007 = r*k - 1233, 3*c = -k + 736. Let x = k + -269. Is x a prime number?
True
Is -10*13/390*-33897 composite?
False
Suppose 178 - 180 = -q. Suppose -4*j + q*i + 3546 = 0, -5*j + i + 4438 = 4*i. Is j composite?
False
Let z(i) = -201*i + 3 + 55*i - 58*i. Let a(f) = -f**2 - 2*f - 2. Let b be a(-2). Is z(b) composite?
True
Suppose 0 = b + 2*f + 3*f - 15, 4*f = 3*b + 31. Is (-85620)/48*8/b composite?
True
Let f be 306/15 - 2/5. Let d(x) = 41*x + 39 + 49*x - 92*x + 39*x. Is d(f) a prime number?
False
Let m be (21 - 1)*4/8. Suppose -6*o - 556224 = -4*o. Is o/(-120) - 6/m a prime number?
False
Suppose 8 = 6*l - 4. Suppose 0 = r + l*h + 143, 3*r + 206 = h - 202. Let j = 232 + r. Is j prime?
False
Is -60 + 52 + (31675 - 0) composite?
False
Let u = -322251 + 570554. Is u a prime number?
False
Let l be 1/(-4)*0/(-7 - -4). Suppose z - 89 = -l. Is z composite?
False
Let u be -8*((-76)/(-32) + -5). Let c(b) = 765*b + 114. Is c(u) a prime number?
False
Suppose 3*n = h + 54, 4*n + h - 41 = 2*n. Let s = n - 17. Is s/(-5) - 53082/(-30) a composite number?
True
Let h(k) = 106*k + 33. Let j be 290 + (1 - (-1 - -2)). Let x be j/15 + 1/((-9)/(-6)). Is h(x) a composite number?
False
Let l(o) = 8*o**2 + 15*o + 32. Let q = 12 - 1. Let i(a) = -a**3 + 11*a**2 - a. Let w be i(q). Is l(w) a prime number?
False
Let r = 942528 + -236245. Is r composite?
False
Let t(a) = 3*a**2 - 5*a - 7. Suppose 2*d - 99 = -93. Let w be t(d). Suppose -w*j = -10*j + 1865. Is j a composite number?
False
Let a = -139 - -227. Is (-74404)/a*(-2)/1 a composite number?
True
Let d = 201 + -196. Suppose i = d*g - 1866 - 31, -g + 383 = -2*i. Is g prime?
True
Let x(c) = 67*c**2 - 615*c - 19. Is x(44) a prime number?
False
Let m be (175/(-70))/((-2)/(-4)). Is (0 - -2)*((-1548)/(-8) - m) composite?
False
Let r(k) = 187*k**2 - 2*k + 7. Let q be r(-4). Suppose 14*u = 9*u - 5*s + 3815, 4*u - 5*s = q. Is u a prime number?
False
Suppose 0 = -k + 19*k + 99216. Is -104 - k - (-1 + -3 - 1) prime?
True
Let i be (-1 + -47)*(-86)/4. Let t be 22/(-77)*(-17 - -3) + (-2)/1. Suppose -446 - i = -t*v. Is v a prime number?
True
Suppose 3*o - i + 6106 = -34406, 0 = -2*o + 4*i - 27008. Is ((-58)/8*1)/(16/o) a composite number?
True
Suppose -8060967 = -18*a + 109597 + 6882170. Is a composite?
True
Let v(p) = -81*p**3 - 5*p**2 - 21. Is v(-13) composite?
False
Suppose -54924*y = -54914*y - 346190. Is y a prime number?
False
Let c(t) = t. Let z(i) = 3*i - 2. Let x(p) = 21*c(p) - 3*z(p). Let f be x(0). Suppose -3804 = -f*g + 3906. Is g composite?
True
Suppose 3*r + 4*u = 288593, 74*r - 71*r = 2*u + 288599. Is r a composite number?
False
Let q = -61 - -59. Let o be q - -1 - (3 - 6). Let w(h) = 252*h - 5. Is w(o) prime?
True
Suppose 309*h - 21096767 + 2049382 - 13115498 = 0. Is h a composite number?
False
Let w = 11728 - 6467. Is w a prime number?
True
Suppose 202401 + 124989 = 31*r - 184699. Is r a composite number?
False
Suppose 0*s + 4*s = 4*r + 8, 3*r = -s + 10. Let b(k) = 1398*k - 7. Is b(r) composite?
False
Let v(o) = 511696*o + 9221. Is v(6) composite?
True
Let h = 1580 - -3507. Let n = h - 2964. Is n a prime number?
False
Suppose 144*y + 99 = 147*y. Suppose 364225 - 71944 = y*z. Is z a composite number?
True
Let j(u) = -70*u + 37. Let v(o) = -30*o + 263. Let t be v(9). Is j(t) a composite number?
True
Let g = 349651 - -429352. Is g prime?
True
Suppose 0 = -3*i + x + 2739310, 1149595 + 676613 = 2*i - 2*x. Is i prime?
True
Let j be (-14)/(-91) - (-24)/13. Let s(y) = 5*y**2 - 4*y**2 - 5 + 3*y**j - 235*y**3 - 69*y**3. Is s(-2) prime?
False
Let w be 40*(4 + (-5)/(-10)*-7). Is (2 - 6)*(-17495)/w a prime number?
True
Suppose -63*v + 833852 + 346597 = -188352. Is v composite?
False
Let b(t) = -2*t**3 - 14*t**2 + 9*t - 6. Let p(k) = -k - 41. Let x be p(-19). Let i be (12/(-8) - -2)*x. Is b(i) prime?
True
Suppose 5*y - 13975 = -3*k + 24232, -2*k + 38208 = 5*y. Let d = y - 5151. Is d a composite number?
True
Let o(a) be the second derivative of -a**6/40 - a**5/30 + a**4/4 + 5*a**3/6 + 9*a**2 + 7*a. Let q(k) be the first derivative of o(k). Is q(-4) composite?
True
Let i(w) be the second derivative of 13*w**4/12 + w**3/6 + 15*w**2/2 + 56*w - 2. Is i(-5) a prime number?
False
Let j(d) = d**2 + 10*d - 19. Let b be j(14). Let t = -159 + b. Is t composite?
True
Let w = 25 - 27. Suppose 3*y + 3532 = -6*o + o, 3524 = -3*y - o. Is (w + 2 - y)/2 a prime number?
True
Let n(j) = 904*j**2 + 51*j - 2114. Is n(31) a composite number?
False
Let a(l) be the third derivative of -5*l**4/12 + 65*l**3/2 - 2*l**2 - 96. Is a(-35) prime?
False
Let w = 60 + -73. Let r = 15 + w. Is (5219/34)/(r/4) composite?
False
Let i(z) = 1360*z**2 - 23*z + 150. Is i(7) composite?
False
Suppose -4*h + 6*h - 178 = 0. Let f = 5 + -3. Suppose -f*s = -s - h. Is s prime?
True
Is (-4)/(-26) - (-7)/14*111790130/